st common factor of 12 and 248478.
6
What is the greatest common divisor of 5196 and 559003?
433
What is the greatest common factor of 116 and 2786668?
116
Calculate the greatest common divisor of 132501 and 8787.
87
What is the highest common factor of 28 and 46452?
28
Calculate the highest common factor of 63731 and 4343.
101
What is the highest common factor of 2 and 446350?
2
What is the greatest common factor of 56030 and 40?
10
What is the greatest common factor of 455 and 2015?
65
What is the greatest common divisor of 121650 and 3750?
150
What is the greatest common divisor of 4050 and 54270?
810
What is the greatest common divisor of 4319 and 1056304?
617
Calculate the highest common factor of 340 and 21556.
68
What is the highest common divisor of 109594 and 629?
37
Calculate the highest common divisor of 374969 and 51.
17
Calculate the highest common factor of 220 and 100180.
20
Calculate the highest common factor of 688 and 448.
16
Calculate the highest common factor of 3423 and 6027.
21
Calculate the highest common factor of 646920 and 540.
540
Calculate the highest common factor of 15 and 4665.
15
Calculate the highest common divisor of 61705 and 32185.
205
Calculate the greatest common divisor of 4069 and 100473.
313
Calculate the greatest common divisor of 118 and 3709271.
59
Calculate the highest common divisor of 48 and 110148.
12
Calculate the highest common divisor of 1428 and 4624.
68
What is the highest common divisor of 244510 and 420?
70
What is the greatest common divisor of 320 and 380?
20
Calculate the highest common factor of 387 and 17931.
129
Calculate the greatest common divisor of 521175 and 25.
25
Calculate the greatest common divisor of 11926 and 1608.
134
Calculate the greatest common divisor of 272 and 280.
8
What is the highest common factor of 5680785 and 165?
165
Calculate the highest common divisor of 253560 and 120.
120
What is the greatest common factor of 218 and 45671?
109
What is the greatest common factor of 313126 and 946?
946
Calculate the highest common divisor of 3575 and 9925.
25
What is the greatest common divisor of 447345 and 45?
45
Calculate the greatest common factor of 19392 and 35328.
192
What is the greatest common factor of 266 and 5738?
38
Calculate the greatest common factor of 106 and 10441.
53
Calculate the greatest common factor of 672 and 3129.
21
What is the greatest common divisor of 3116725 and 25?
25
Calculate the greatest common divisor of 52480 and 60.
20
What is the greatest common factor of 824813 and 8531?
449
What is the greatest common divisor of 342 and 1422396?
18
What is the greatest common factor of 473 and 135278?
473
Calculate the highest common divisor of 11040 and 12.
12
Calculate the highest common factor of 200 and 484600.
200
Calculate the highest common divisor of 85 and 1243465.
85
What is the greatest common factor of 2920 and 1420?
20
What is the greatest common divisor of 332850 and 42?
42
What is the highest common divisor of 962115 and 510?
255
Calculate the highest common divisor of 24 and 63303.
3
Calculate the greatest common divisor of 6682 and 9074.
26
What is the greatest common factor of 25135 and 275?
55
Calculate the greatest common factor of 15344 and 11592.
56
Calculate the greatest common factor of 67 and 16.
1
Calculate the highest common divisor of 1032 and 28767.
129
What is the highest common divisor of 80525 and 125?
25
Calculate the highest common divisor of 24 and 55248.
24
What is the greatest common divisor of 126788 and 232?
116
What is the highest common divisor of 188 and 750?
2
What is the highest common divisor of 3844 and 248000?
124
Calculate the highest common factor of 10052 and 84.
28
What is the greatest common factor of 274715 and 56?
7
Calculate the greatest common factor of 26 and 6068.
2
What is the greatest common divisor of 2178 and 77682?
726
What is the highest common factor of 496 and 1147?
31
Calculate the highest common divisor of 66 and 161997.
33
Calculate the highest common divisor of 8298 and 72.
18
What is the greatest common divisor of 202 and 321887?
101
What is the highest common factor of 650 and 9291750?
650
What is the greatest common factor of 14656 and 1984?
64
Calculate the greatest common factor of 1573 and 21593.
143
Calculate the highest common factor of 910 and 6734.
182
What is the highest common factor of 472029 and 69?
69
What is the greatest common divisor of 43139 and 358?
179
Calculate the highest common factor of 8144 and 160.
16
What is the highest common divisor of 7375 and 267125?
125
Calculate the greatest common factor of 45 and 60870.
15
Calculate the greatest common factor of 47 and 2174737.
47
Calculate the highest common factor of 764 and 671938.
382
Calculate the greatest common factor of 11652 and 72.
12
Calculate the highest common factor of 1152 and 7758.
18
What is the greatest common divisor of 1426 and 248?
62
What is the greatest common divisor of 98 and 14?
14
What is the greatest common divisor of 1339 and 8137?
103
Calculate the greatest common divisor of 80203 and 695.
139
Calculate the greatest common factor of 49860 and 32220.
180
Calculate the greatest common divisor of 196 and 4480.
28
Calculate the highest common divisor of 5754 and 177141.
411
Calculate the highest common factor of 1386 and 65520.
126
What is the highest common divisor of 4050 and 57775?
25
What is the highest common divisor of 609 and 462?
21
What is the greatest common factor of 445 and 329300?
445
Calculate the highest common factor of 140662 and 3.
1
Calculate the highest common factor of 892 and 39.
1
What is the highest common factor of 9066 and 354?
6
Calculate the highest common factor of 180169 and 484.
121
Calculate the highest common divisor of 2792 and 3281996.
1396
What is the greatest common divisor of 1716 and 251394?
858
What is the greatest common divisor of 104 and 1314391?
13
What is the highest common divisor of 46979 and 16378?
431
Calculate the greatest common divisor of 31920 and 171.
57
Calculate the greatest common factor of 254938 and 246.
82
What is the highest common divisor of 5888768 and 80?
16
Calculate the greatest common factor of 161040 and 13908.
732
Calculate the highest common divisor of 821802 and 522.
174
What is the greatest common factor of 162 and 163998?
54
What is the highest common divisor of 14 and 743246?
14
What is the highest common factor of 7749 and 5481?
189
What is the greatest common factor of 5493447 and 27?
27
What is the highest common factor of 960 and 9732?
12
What is the highest common divisor of 1996 and 5198582?
998
Calculate the highest common factor of 12110 and 1414.
14
What is the greatest common factor of 17649 and 21312?
333
What is the highest common factor of 19 and 33991?
19
Calculate the greatest common divisor of 15925 and 52.
13
Calculate the greatest common factor of 570777 and 2013.
183
Calculate the greatest common factor of 3724 and 18601.
19
What is the greatest common factor of 44 and 1067044?
44
Calculate the greatest common factor of 106337 and 3696.
77
What is the highest common divisor of 66 and 130518?
6
What is the highest common divisor of 510490 and 284?
142
What is the highest common factor of 8510 and 17390?
370
What is the greatest common factor of 4375 and 371?
7
What is the greatest common factor of 3320 and 290?
10
What is the highest common factor of 13475 and 4825?
25
What is the greatest common divisor of 2997312 and 16?
16
What is the highest common divisor of 506 and 10373?
253
What is the highest common factor of 816 and 15008?
16
What is the highest common divisor of 26816 and 192?
64
What is the greatest common factor of 11310 and 1470?
30
Calculate the greatest common factor of 2967758 and 764.
382
Calculate the highest common factor of 7285 and 94.
47
What is the greatest common factor of 83490 and 2?
2
What is the greatest common factor of 558 and 1639962?
558
What is the greatest common divisor of 22401 and 1539?
171
What is the highest common divisor of 5520 and 39330?
690
Calculate the highest common factor of 207 and 59961.
69
What is the greatest common divisor of 1869 and 63882?
21
What is the highest common divisor of 6342 and 4379?
151
What is the highest common factor of 36